ose 3*q - 4*w = 553, 0*q + z = 2*q + w. What is the tens digit of q?
7
Let c(j) = j**2 + 6*j - 2. Let f be c(-7). Suppose 8*h - 90 = f*h. What is the tens digit of h?
3
Suppose 5*l - 1288 = -u, -5*l + l + 1022 = -2*u. What is the units digit of l?
7
Let m(h) be the third derivative of h**6/120 + h**5/12 - 5*h**4/24 + 11*h**3/6 - 7*h**2. What is the units digit of m(-6)?
5
Suppose -10*v = -1774 - 2576. Suppose -v - 65 = -4*f. What is the tens digit of f?
2
Let h(a) = 4*a + 32. Let g be h(-8). Suppose g = 9*m - 131 - 1606. What is the tens digit of m?
9
Let x(s) = -s**3 - s + 1. Let b be x(-3). Let j be ((-2)/(-4) - 2)/(2/24). Let m = j + b. What is the tens digit of m?
1
Let p be (126/10)/(3/10). Let u = p + -38. What is the units digit of u?
4
Let r be ((-20)/(-2) + -2)*-1. Let b(d) = -d**2 - 12*d + 7. Let l be b(r). Suppose l*t + 44 = 41*t. What is the tens digit of t?
2
What is the tens digit of 1/(-3) - ((-1310)/15 + -5)?
9
Let x(q) = -q**3 + q**2 + q + 2. Let b be x(4). What is the tens digit of 12/b - 872/(-14)?
6
Let w(o) = 58*o**2 + o. Let l be w(2). Suppose l = 5*a - 2*a. Suppose 5*i - a = -3*k, 0 = -i + 4*i. What is the tens digit of k?
2
Let c(j) = -j**3 + 3*j - 3. Suppose 3*i + 32 = -5*i. What is the units digit of c(i)?
9
Suppose a = g - 174, -g + 3*a + 174 = -a. What is the tens digit of g?
7
Let p(b) = -b**3 - 7*b**2 - 6*b + 10. Let v be p(-6). Suppose 0*w = 2*r - 3*w - 134, -5*w - v = 0. What is the units digit of r?
4
Let q = -1157 + 1351. What is the units digit of q?
4
Let m(r) = r**2 - 11*r - 7. Let h be m(9). Suppose -5*z + 213 = 2*n, 5*z = -n + 22 + 187. Let k = h + z. What is the units digit of k?
6
Let y be (-2 + 7)/(0 - -1). Let o be 0*((-12)/(-5 + 3) - 5). Suppose o = y*v - 147 + 17. What is the units digit of v?
6
Let t(l) = 17*l**2 + 16*l - 41. What is the tens digit of t(7)?
0
Suppose -549 = -6*j + 5*j. What is the units digit of j?
9
Let n be ((-12)/(-10))/((-4)/(-10)). Suppose -4*f - 68 - 36 = -n*a, 4*f = -a + 8. Suppose -26 = -3*i + a. What is the tens digit of i?
1
Suppose 11 - 5 = -3*v. Let w(x) = -6*x**2 - 6*x + 1. Let y(f) = 18*f**2 + 17*f - 3. Let h(t) = 17*w(t) + 6*y(t). What is the tens digit of h(v)?
2
Suppose 0 = -5*t + 9*t - 4*u - 16, 0 = -5*t + u + 20. Suppose 3*y + 60 = g, -t*y + 26 = -2*g + 136. What is the tens digit of g?
4
Let b = -108 + 330. Suppose -b = -4*o - c, -c - 6 = 2*c. What is the units digit of 3/2*o/3?
8
Let d(o) = 4*o**2 - o**3 - 3*o + 1 + 5*o - 2*o**3 + 2*o**3. What is the units digit of d(4)?
9
Let n = 77 + -73. Suppose u + n*u - 4*o = 319, -u + 3*o = -66. What is the tens digit of u?
6
Let d = 8 + -15. Let c = -24 - d. What is the units digit of 3*(-3 - c/3)?
8
Suppose -41*k = 12*k - 98845. What is the hundreds digit of k?
8
Let q = 30 - 33. Let r = 3 + q. Suppose 2*h - f + 8 = 3*h, r = 5*h + 4*f - 37. What is the units digit of h?
5
Suppose 3*p + 2*p = 3*c + 5, -4*p + 11 = -c. Let h(b) = 0*b + b + b - 4*b + c. What is the units digit of h(-6)?
7
What is the tens digit of ((-125)/20 - -6) + (-1633)/(-4)?
0
Suppose 29*c - 25*c - 1980 = 0. Suppose 2*s - 2*a - 75 = 245, 2*a = -3*s + c. What is the hundreds digit of s?
1
Let o(y) = -4*y**3 + 32*y**2 + 4*y + 16. What is the units digit of o(8)?
8
Suppose 1 + 20 = -7*v. Let p be (v/2)/((-12)/(-368)). Let r = p + 89. What is the units digit of r?
3
Let r be 5 - ((-11)/(-13) + (-6)/(-39)). Suppose 2*s = 3*p - 15, -p + r*s + 4 = -1. What is the units digit of p?
5
Let u be 0*(-5)/(-25) + 210. Let w = 381 - u. What is the tens digit of w?
7
Let q(h) = h**2 + 11*h - 2. Let l be -2 - 18/(2/1). Let r be q(l). Let j = 40 - r. What is the units digit of j?
2
Let v = 10 - 13. Let z = 7 + v. Suppose 3*r - 3*n = 36, -25 = -4*r - z*n + 47. What is the tens digit of r?
1
Let q(f) = 42*f + 23. What is the units digit of q(8)?
9
Suppose -3*b + 4*a = -15, 4*b + 2*a - 20 = 4*a. Suppose -4*i = -5*u - 652, 3*i - 286 - 168 = -b*u. What is the hundreds digit of i?
1
Let l be 14 + -1 - (8/(-2) + 4). Suppose 0 = -l*t + 4*t + 1170. What is the tens digit of t?
3
Suppose -18*j + 80852 = 16*j. What is the hundreds digit of j?
3
Suppose -42 = 3*v - 159. Suppose 0 = -t - 3*n - 15 - 0, 3*t + 3*n + v = 0. Let l = t + 30. What is the tens digit of l?
1
Suppose 2405 + 3664 = 7*h. What is the tens digit of h?
6
Let v(y) = 9*y**3 - 3*y**2 - 4*y - 4. Let w be v(-2). Let s = 140 - w. What is the hundreds digit of s?
2
Suppose 0 = -2*c - 2*q - q + 20, 4*c = 2*q + 8. Suppose -c*m + 462 + 78 = 0. What is the units digit of m?
5
Suppose 2*l + 73 = 27. Let o = 66 + l. Let q = 71 - o. What is the tens digit of q?
2
Suppose -5*u + 8 + 7 = 0. Suppose 5 = -u*t + 14. Suppose 0*q + t*q - 72 = 0. What is the units digit of q?
4
Let o = 35 - 15. Let v = o - -130. What is the units digit of v?
0
Let q be (-6 + 12)*(-1)/2. What is the units digit of 57/2 - q/(-6)?
8
Suppose -3*x = -2*y + 36, 3*x = -0*x + 4*y - 42. Let u(m) = -2*m - 10 - 2 + 1. What is the units digit of u(x)?
9
Let o(c) be the third derivative of -c**6/120 + 13*c**5/60 - c**4/4 - 5*c**3/6 + 8*c**2. What is the units digit of o(12)?
7
Let o = 6 - -9. Let t = -11 + o. Suppose 3*g + 0*g = -t*c + 51, 3*c - 9 = 0. What is the units digit of g?
3
Suppose 0*b = 3*b + 15, -3*r = 4*b - 7. What is the tens digit of r - 6 - (2 - 13)?
1
Let r(m) = -m - 38. Let z(b) = b + 39. Let q(w) = -4*r(w) - 3*z(w). What is the tens digit of q(-17)?
1
Suppose 3*n + 2*n = 0. What is the tens digit of 0/7 - (-18 - n)?
1
What is the tens digit of ((-66)/(-44))/(12/6256)?
8
Let s be 6/(-33) - (-48)/22. Let m be -21*(6 - (6 - s)). What is the units digit of (-224)/m + (-1)/3?
5
What is the units digit of 18992/64 + (-4)/(-16)?
7
Suppose -49*v + 41*v + 8040 = 0. What is the thousands digit of v?
1
Let t = -1803 + 6048. What is the units digit of t?
5
Let s = -20 + 3. Let t = -13 - s. Suppose 0*m + t*m = 2*x - 50, -3*x = m - 47. What is the units digit of x?
7
Let r = -395 - -612. What is the units digit of r?
7
Let a = 3 - -4. Let r(h) = a + 6 - 3 + 2*h. What is the units digit of r(-3)?
4
Let r(c) = 6 - 2*c**2 + 4 + 4*c**2 - 4 + 15*c. Let m be r(-8). Suppose -10*z = -m*z + 224. What is the units digit of z?
6
Suppose 2*n = -n - 12. Let t be n/10 - (-96)/40. Let i = t - -5. What is the units digit of i?
7
Let g = -1425 - -1873. What is the hundreds digit of g?
4
What is the hundreds digit of -129*304/(-24)*2?
2
Suppose -1821 + 266 = -5*g. What is the units digit of g?
1
Suppose -262 = -5*s + 3*s. Suppose 5*w = s + 239. What is the tens digit of w?
7
Let o(x) = -x**3 - 2*x**2 - x + 4. Let f be o(-2). Let z = 60 + f. What is the units digit of z?
6
Suppose u - 18 = -c - 6, 4 = u. Let i(k) = -k**2 - 5*k - 4. Let z be i(-3). Suppose c - 42 = -z*p. What is the units digit of p?
7
Let q be (-144)/(-30) - (-2)/10. Suppose 3*h = -q*x + 3, 2*x + 2*h - 6 + 4 = 0. Suppose x*v + v = 4*z + 36, -2*v = -2*z - 78. What is the units digit of v?
0
Let a = -73 - -221. Let t be a*(5/(-2) + 3). Suppose -54 = -3*m - 3*i, 5*m - t = 2*m + 2*i. What is the units digit of m?
2
Let z(w) = -89*w + 472. What is the hundreds digit of z(-5)?
9
Suppose 9*n = 493 - 2230. What is the tens digit of -10 - (-10 - -5) - n?
8
Suppose 3*l = -3*s + 285, -3*s + 3*l + 277 = -2*l. Let i = s + -39. What is the units digit of i?
5
Let z(i) = -11*i - 16. Let s(y) = y**3 - 2*y**2 - 5*y - 5. Let f be s(-2). What is the units digit of z(f)?
5
Let w(f) = -2*f + 10. Let a be ((-8)/12)/(3/(-18)). Suppose 5*l + a*x + 47 = 0, 3*l + 5*x = -2*l - 50. What is the units digit of w(l)?
4
Let t(a) = 4*a + 3. Let z be t(3). Let c = z - 12. Suppose o + 4*x - 117 = -4*o, c*x - 93 = -4*o. What is the units digit of o?
1
Let i(t) = -23*t + 112. What is the tens digit of i(-10)?
4
Suppose 5*r + 5*x - 2875 = 0, -5*r + 4*x + 2911 = -0*r. Suppose -19*z + 1606 = -r. What is the tens digit of z?
1
Let k(h) = 2*h - 4. Let g(w) = -w**3 + 10*w**2 + 2*w + 10. Let m be g(10). Suppose -3*z = p - 38, -4*p - m = -2*z - 0*z. What is the units digit of k(z)?
2
Suppose -5 - 11 = 4*w. Suppose -2*x - 20 + 68 = -5*s, -2*s + 144 = 4*x. What is the units digit of (w - 5/(-1))*x?
4
Let b = 2996 + -1068. What is the hundreds digit of b?
9
Suppose -2*z + 390 + 28 = 0. Let m = 315 - z. What is the hundreds digit of m?
1
Let k(n) = -12*n 